0110010000101010000
What is 20547365 (base 8) in base 6?
233502101
Convert -fbef8 (base 16) to base 9.
-1842476
4349772 (base 10) to base 9
8158680
What is 1824631 (base 9) in base 11?
6376a3
-10101000100111111 (base 2) to base 10
-86335
3b0fb (base 16) to base 13
8615b
Convert -1331312203 (base 5) to base 3.
-20100222202121
Convert -45706 (base 15) to base 9.
-366076
What is 20320531 (base 6) in base 14?
1137a7
-61052166 (base 7) to base 10
-5071695
What is -458009 (base 10) in base 7?
-3615206
Convert 123223212311 (base 4) to base 14.
d6c6d7
16b28 (base 16) to base 6
1554224
What is 3424004 (base 6) in base 16?
2a9c4
What is 2000140133 (base 5) in base 14?
73b8aa
What is -1894b2 (base 13) in base 5?
-124323000
What is 2740a12 (base 12) in base 13?
180061a
-11010100010011100 (base 2) to base 4
-122202130
-3760b17 (base 12) to base 14
-161b391
What is 1e4de (base 15) in base 11?
68406
What is -1043625 (base 8) in base 6?
-10002245
Convert -2714022 (base 9) to base 6.
-51502202
a2c01 (base 13) to base 15
5b7dd
10100111010010101101010 (base 2) to base 15
7343a9
What is -139015 (base 11) in base 3?
-102000121220
What is a060 (base 13) in base 8?
53040
Convert c011 (base 14) to base 8.
100257
Convert 2450266 (base 7) to base 9.
528581
-1010010101001101010000 (base 2) to base 15
-3876d9
What is 10121111222112 (base 3) in base 6?
105050152
-23d5 (base 15) to base 7
-31142
Convert 713247 (base 10) to base 15.
e14ec
-2223031013 (base 4) to base 15
-dcba5
-2020120021 (base 3) to base 7
-242503
Convert 113003123310 (base 4) to base 8.
27033364
Convert -16089 (base 15) to base 14.
-1bc3a
What is -36414310 (base 8) in base 12?
-281a774
Convert -251402 (base 8) to base 9.
-142038
5e0da (base 15) to base 12
125b44
What is -480264 (base 10) in base 11?
-2a8914
Convert -203b9b (base 15) to base 6.
-52454132
Convert -2340651 (base 8) to base 11.
-3a7434
What is -100467 (base 8) in base 16?
-8137
What is -1030010231 (base 4) in base 14?
-817ad
-33314 (base 7) to base 2
-10000011000110
Convert 1432111104 (base 5) to base 15.
4eb7d9
What is 36527a (base 11) in base 8?
2150677
Convert 84059 (base 15) to base 11.
266541
What is -110200212012 (base 3) in base 4?
-331001120
10100011110110101110000 (base 2) to base 8
24366560
What is -102102002102 (base 3) in base 7?
-1623542
-27781 (base 15) to base 4
-132321223
What is 1200202122101 (base 3) in base 15?
12bd74
-c434c (base 13) to base 6
-11314015
-6554 (base 9) to base 11
-369a
17123 (base 8) to base 9
11575
134443121 (base 5) to base 12
29a93b
Convert b621b (base 14) to base 13.
125045
Convert -782256 (base 9) to base 13.
-134a39
What is 1112122102122 (base 3) in base 11?
50a951
What is -134c62 (base 14) in base 13?
-1a4492
What is 40399 (base 16) in base 13?
9297a
234242443 (base 5) to base 15
167233
Convert -10110001101000010111 (base 2) to base 4.
-2301220113
110101002210 (base 3) to base 12
b8b49
-a574 (base 15) to base 13
-12c01
7041 (base 11) to base 7
36203
What is 25946 (base 15) in base 5?
12321331
What is -5dc85 (base 14) in base 3?
-102200210201
What is 450033 (base 7) in base 14?
20c53
17255750 (base 9) to base 14
1215480
What is 308887 (base 9) in base 3?
100022222221
1001413120 (base 5) to base 13
545366
Convert -603210 (base 9) to base 7.
-3013542
What is -351121 (base 9) in base 10?
-210781
What is -25408a (base 12) in base 2?
-10010100100001101010
What is -dba561 (base 14) in base 13?
-1707927
205335303 (base 6) to base 11
20534a5
-224330312 (base 5) to base 14
-1c47c0
What is 2b7a837 (base 13) in base 7?
226445010
-40add (base 15) to base 9
-342131
What is -391499 (base 10) in base 11?
-248159
-11000111001100001100111 (base 2) to base 9
-13247420
21010320 (base 5) to base 10
172585
What is 1105122 (base 6) in base 2?
1101100100001010
Convert 20100221000 (base 3) to base 14.
33966
What is -28b35 (base 16) in base 5?
-20313314
6b22d (base 16) to base 8
1531055
Convert -10b719 (base 13) to base 9.
-664108
-6413351 (base 7) to base 10
-776735
7490b3 (base 13) to base 4
22123102132
Convert 4a0e (base 15) to base 10.
15764
-10000000010000100110111 (base 2) to base 13
-b41c8b
5895 (base 13) to base 8
30253
What is -1000020011021 (base 3) in base 15?
-a8bda
20232213 (base 4) to base 2
1000101110100111
What is 7b63 (base 15) in base 11?
18752
10302232 (base 5) to base 10
87817
What is -1201012220210 (base 3) in base 13?
-25b105
Convert 11131343 (base 5) to base 6.
2042113
What is -1021020 (base 4) in base 5?
-122210
Convert -1954062 (base 10) to base 4.
-13131010032
What is -3773574 (base 8) in base 14?
-1d34a8
Convert 15d7ab (base 14) to base 15.
10244e
What is -63663 (base 11) in base 10?
-92634
What is -115652254 (base 7) in base 13?
-1683382
Convert -2908e5 (base 16) to base 12.
-a98345
What is 23444 (base 7) in base 6?
44015
What is -10102120100112 (base 3) in base 14?
-35600c
Convert -52534 (base 11) to base 13.
-28a94
Convert 14a6b (base 15) to base 3.
10101012002
228784 (base 9) to base 3
20222212211
Convert 6514117 (base 9) to base 13.
954151
What is 110111001010101111000001 (base 2) in base 8?
67125701
Convert 13412878 (base 9) to base 13.
14ab2a0
-14641622 (base 7) to base 4
-11113010312
Convert 1111000010110011 (base 2) to base 4.
33002303
28cda78 (base 14) to base 10
19860394
36ec9a (base 15) to base 2
1010000010100100100010
2330562 (base 8) to base 4
2123011302
Convert 240678 (base 10) to base 3.
110020011000
What is 66308 (base 10) in base 16?
10304
Convert 11443340 (base 5) to base 10.
109220
What is -c7101 (base 13) in base 3?
-200012110200
What is 34859 (base 11) in base 10?
50279
Convert -1032834 (base 9) to base 3.
-1001002221011
92969 (base 11) to base 2
100001000110101011
What is 4003254 (base 8) in base 3?
1222100201102
What is -435991 (base 10) in base 15?
-892b1
-14b1133 (base 12) to base 9
-7827753
-23510554 (base 6) to base 10
-740230
What is -181164 (base 9) in base 12?
-55071
Convert 1604003 (base 7) to base 16.
35ada
-c43ce (base 15) to base 7
-5200013
What is -cb8878 (base 14) in base 16?
-69497a
Convert -10502645 (base 8) to base 7.
-25142012
-210606644 (base 7) to base 12
-420866b
What is 1a9c64 (base 14) in base 12?
399314
Convert 1434904 (base 10) to base 6.
50431024
What is 14404332 (base 5) in base 14?
4003b
-27047 (base 13) to base 6
-1315532
What is -101313213 (base 4) in base 8?
-216747
What is 111992 (base 10) in base 7?
644336
110000111010000 (base 2) to base 3
1021100102
Convert 15003244 (base 6) to base 10.
513964
Convert -335433 (base 12) to base 15.
-112559
Convert -f2af (base 16) to base 8.
-171257
46267 (base 15) to base 5
24121142
What is -964762 (base 11) in base 14?
-2c2732
-311aba (base 16) to base 7
-36232143
What is 44434 (base 13) in base 2?
11110001101100111
Convert 261762 (base 12) to base 15.
c5245
Convert 81198 (base 11) to base 4.
130332133
Convert -379987 (base 14) to base 15.
-27a943
Convert 8b7b7 (base 12) to base 16.
2d6bb
Convert 100111010100111100 (base 2) to base 16.
2753c
-11b0146 (base 14) to base 15
-b2a92e
What is -24132312 (base 5) in base 2?
-110110101101010010
What is 385087 (base 11) in base 6?
21002155
-22711 (base 15) to base 3
-12120022221
583b15 (base 12) to base 10
1416833
-66064 (base 9) to base 13
-16c21
What is -1001420324 (base 5) in base 9?
-3651536
What is -100000111000100110010110 (base 2) in base 3?
-121012222000111
Convert 20001021201 (base 3) to base 9.
201251
307e27 (base 15) to base 7
25406635
-421440434 (base 5) to base 16
-1ab1f6
7a9c8a (base 13) to base 12
b82068
20321a (base 14) to base 8
4105610
What is -4312024132 (base 5) in base 10?
-9095542
What is 2115256 (base 7) in base 13?
8c8c0
-3422222 (base 5) to base 15
-130c7
Convert bb415 (base 12) to base 13.
88988
Convert -49702 (base 10) to base 2.
-1100001000100110
Convert -45297 (base 12) to base 7.
-532120
What is -4052011 (base 6) in base 4?
-233100013
What is 133881 (base 10) in base 3?
20210122120
-4034212120 (base 5) to base 2
-11110111101100100110111
-153466664 (base 7) to base 2
-100111010111011010000111
What is 1702675 (base 14) in base 4?
223013003033
-391e2 (base 15) to base 11
-11528a
-4255261 (base 9) to base 2
-1000101100110001010001
Convert -10010110001111110001 (base 2) to base 16.
-963f1
What is 142123011 (base 5) in base 16?
b473b
What i